{"id":230,"date":"2023-01-15T12:18:47","date_gmt":"2023-01-15T11:18:47","guid":{"rendered":"http:\/\/labonum.com\/?page_id=230"},"modified":"2023-01-31T17:34:52","modified_gmt":"2023-01-31T16:34:52","slug":"photo-scolaire","status":"publish","type":"page","link":"http:\/\/labonum.com\/?page_id=230","title":{"rendered":"Photo scolaire"},"content":{"rendered":"\n<div class=\"wp-block-group alignfull has-foreground-color has-text-color has-link-color wp-elements-d36a4776ebb5eccebccad7c6b0d8b994 is-layout-constrained wp-block-group-is-layout-constrained\" style=\"padding-top:var(--wp--custom--spacing--small, 1.25rem);padding-bottom:var(--wp--custom--spacing--small, 1.25rem)\">\n<div class=\"wp-block-group alignwide is-content-justification-space-between is-layout-flex wp-container-core-group-is-layout-c3311b41 wp-block-group-is-layout-flex\" style=\"padding-top:0px;padding-right:0px;padding-bottom:0rem;padding-left:0px\"><div class=\"wp-block-site-logo\"><a href=\"http:\/\/labonum.com\/\" class=\"custom-logo-link\" rel=\"home\"><img loading=\"lazy\" decoding=\"async\" width=\"138\" height=\"92\" src=\"http:\/\/labonum.com\/wp-content\/uploads\/2023\/01\/logo-labo.jpg\" class=\"custom-logo\" alt=\"Labonum\" srcset=\"http:\/\/labonum.com\/wp-content\/uploads\/2023\/01\/logo-labo.jpg 945w, http:\/\/labonum.com\/wp-content\/uploads\/2023\/01\/logo-labo-300x200.jpg 300w, http:\/\/labonum.com\/wp-content\/uploads\/2023\/01\/logo-labo-768x512.jpg 768w\" sizes=\"auto, (max-width: 138px) 100vw, 138px\" \/><\/a><\/div>\n\n<nav class=\"is-responsive items-justified-right wp-block-navigation is-content-justification-right is-layout-flex wp-container-core-navigation-is-layout-f665d2b5 wp-block-navigation-is-layout-flex\" \n\t\t data-wp-interactive=\"core\/navigation\" data-wp-context='{\"overlayOpenedBy\":{\"click\":false,\"hover\":false,\"focus\":false},\"type\":\"overlay\",\"roleAttribute\":\"\",\"ariaLabel\":\"Menu\"}'><button aria-haspopup=\"dialog\" aria-label=\"Ouvrir le menu\" class=\"wp-block-navigation__responsive-container-open\" \n\t\t\t\tdata-wp-on--click=\"actions.openMenuOnClick\"\n\t\t\t\tdata-wp-on--keydown=\"actions.handleMenuKeydown\"\n\t\t\t><svg width=\"24\" height=\"24\" xmlns=\"http:\/\/www.w3.org\/2000\/svg\" viewBox=\"0 0 24 24\" aria-hidden=\"true\" focusable=\"false\"><path d=\"M4 7.5h16v1.5H4z\"><\/path><path d=\"M4 15h16v1.5H4z\"><\/path><\/svg><\/button>\n\t\t\t\t<div class=\"wp-block-navigation__responsive-container\"  id=\"modal-1\" \n\t\t\t\tdata-wp-class--has-modal-open=\"state.isMenuOpen\"\n\t\t\t\tdata-wp-class--is-menu-open=\"state.isMenuOpen\"\n\t\t\t\tdata-wp-watch=\"callbacks.initMenu\"\n\t\t\t\tdata-wp-on--keydown=\"actions.handleMenuKeydown\"\n\t\t\t\tdata-wp-on--focusout=\"actions.handleMenuFocusout\"\n\t\t\t\ttabindex=\"-1\"\n\t\t\t>\n\t\t\t\t\t<div class=\"wp-block-navigation__responsive-close\" tabindex=\"-1\">\n\t\t\t\t\t\t<div class=\"wp-block-navigation__responsive-dialog\" \n\t\t\t\tdata-wp-bind--aria-modal=\"state.ariaModal\"\n\t\t\t\tdata-wp-bind--aria-label=\"state.ariaLabel\"\n\t\t\t\tdata-wp-bind--role=\"state.roleAttribute\"\n\t\t\t>\n\t\t\t\t\t\t\t<button aria-label=\"Fermer le menu\" class=\"wp-block-navigation__responsive-container-close\" \n\t\t\t\tdata-wp-on--click=\"actions.closeMenuOnClick\"\n\t\t\t><svg xmlns=\"http:\/\/www.w3.org\/2000\/svg\" viewBox=\"0 0 24 24\" width=\"24\" height=\"24\" aria-hidden=\"true\" focusable=\"false\"><path d=\"m13.06 12 6.47-6.47-1.06-1.06L12 10.94 5.53 4.47 4.47 5.53 10.94 12l-6.47 6.47 1.06 1.06L12 13.06l6.47 6.47 1.06-1.06L13.06 12Z\"><\/path><\/svg><\/button>\n\t\t\t\t\t\t\t<div class=\"wp-block-navigation__responsive-container-content\" \n\t\t\t\tdata-wp-watch=\"callbacks.focusFirstElement\"\n\t\t\t id=\"modal-1-content\">\n\t\t\t\t\t\t\t\t<ul class=\"wp-block-navigation__container is-responsive items-justified-right wp-block-navigation\"><ul class=\"wp-block-page-list\"><li class=\"wp-block-pages-list__item wp-block-navigation-item open-on-hover-click\"><a class=\"wp-block-pages-list__item__link wp-block-navigation-item__content\" href=\"http:\/\/labonum.com\/?page_id=118\">A propos<\/a><\/li><li class=\"wp-block-pages-list__item wp-block-navigation-item open-on-hover-click\"><a class=\"wp-block-pages-list__item__link wp-block-navigation-item__content\" href=\"http:\/\/labonum.com\/?page_id=9\">Contact<\/a><\/li><li class=\"wp-block-pages-list__item wp-block-navigation-item open-on-hover-click menu-item-home\"><a class=\"wp-block-pages-list__item__link wp-block-navigation-item__content\" href=\"http:\/\/labonum.com\/\">home<\/a><\/li><li class=\"wp-block-pages-list__item wp-block-navigation-item open-on-hover-click\"><a class=\"wp-block-pages-list__item__link wp-block-navigation-item__content\" href=\"http:\/\/labonum.com\/?page_id=529\">Livres albums<\/a><\/li><li class=\"wp-block-pages-list__item wp-block-navigation-item open-on-hover-click\"><a class=\"wp-block-pages-list__item__link wp-block-navigation-item__content\" href=\"http:\/\/labonum.com\/?page_id=164\">organisation logistique<\/a><\/li><li class=\"wp-block-pages-list__item wp-block-navigation-item open-on-hover-click\"><a class=\"wp-block-pages-list__item__link wp-block-navigation-item__content\" href=\"http:\/\/labonum.com\/?page_id=458\">Photo d&rsquo;identit\u00e9 ANTS<\/a><\/li><li class=\"wp-block-pages-list__item wp-block-navigation-item open-on-hover-click\"><a class=\"wp-block-pages-list__item__link wp-block-navigation-item__content\" href=\"http:\/\/labonum.com\/?page_id=230\">Photo scolaire<\/a><\/li><li class=\"wp-block-pages-list__item wp-block-navigation-item open-on-hover-click\"><a class=\"wp-block-pages-list__item__link wp-block-navigation-item__content\" href=\"http:\/\/labonum.com\/?page_id=440\">Photobooth<\/a><\/li><li class=\"wp-block-pages-list__item wp-block-navigation-item open-on-hover-click\"><a class=\"wp-block-pages-list__item__link wp-block-navigation-item__content\" href=\"http:\/\/labonum.com\/?page_id=698\">R\u00e9servation photobooth<\/a><\/li><li class=\"wp-block-pages-list__item wp-block-navigation-item open-on-hover-click\"><a class=\"wp-block-pages-list__item__link wp-block-navigation-item__content\" href=\"http:\/\/labonum.com\/?page_id=268\">Transfert vid\u00e9o<\/a><\/li><\/ul><\/ul>\n\t\t\t\t\t\t\t<\/div>\n\t\t\t\t\t\t<\/div>\n\t\t\t\t\t<\/div>\n\t\t\t\t<\/div><\/nav><\/div>\n<\/div>\n\n\n\n<h2 class=\"has-text-align-left wp-block-heading\">La Photo Scolaire<\/h2>\n\n\n\n<div class=\"wp-block-group alignfull is-layout-flow wp-block-group-is-layout-flow\" style=\"padding-top:var(--wp--preset--spacing--60);padding-right:var(--wp--preset--spacing--60);padding-bottom:var(--wp--preset--spacing--60);padding-left:var(--wp--preset--spacing--60)\">\n<div class=\"wp-block-columns alignwide is-layout-flex wp-container-core-columns-is-layout-28f84493 wp-block-columns-is-layout-flex\">\n<div class=\"wp-block-column is-layout-flow wp-block-column-is-layout-flow\">\n<pre class=\"wp-block-code\"><code>La photo de classe est apparue dans les ann\u00e9es 1860 avec la d\u00e9mocratisation de la pratique de la photographie.\nElle consiste \u00e0 ex\u00e9cuter une photo en groupe des \u00e9l\u00e8ves d'une m\u00eame classe, et cela chaque ann\u00e9e, une tradition qui se perp\u00e9tue depuis des g\u00e9n\u00e9rations, et qui vient imager de jolis souvenirs.<\/code><\/pre>\n\n\n\n<figure class=\"wp-block-gallery has-nested-images columns-default is-cropped wp-block-gallery-2 is-layout-flex wp-block-gallery-is-layout-flex\">\n<figure class=\"wp-block-image size-large\"><img loading=\"lazy\" decoding=\"async\" width=\"1024\" height=\"695\" data-id=\"331\" src=\"http:\/\/labonum.com\/wp-content\/uploads\/2023\/01\/coll-normale-1024x695.jpg\" alt=\"\" class=\"wp-image-331\" srcset=\"http:\/\/labonum.com\/wp-content\/uploads\/2023\/01\/coll-normale-1024x695.jpg 1024w, http:\/\/labonum.com\/wp-content\/uploads\/2023\/01\/coll-normale-300x204.jpg 300w, http:\/\/labonum.com\/wp-content\/uploads\/2023\/01\/coll-normale-768x521.jpg 768w, http:\/\/labonum.com\/wp-content\/uploads\/2023\/01\/coll-normale-1536x1043.jpg 1536w, http:\/\/labonum.com\/wp-content\/uploads\/2023\/01\/coll-normale-2048x1390.jpg 2048w\" sizes=\"auto, (max-width: 1024px) 100vw, 1024px\" \/><\/figure>\n\n\n\n<figure class=\"wp-block-image size-large\"><img loading=\"lazy\" decoding=\"async\" width=\"1024\" height=\"693\" data-id=\"336\" src=\"http:\/\/labonum.com\/wp-content\/uploads\/2023\/01\/mat-1024x693.jpg\" alt=\"\" class=\"wp-image-336\" srcset=\"http:\/\/labonum.com\/wp-content\/uploads\/2023\/01\/mat-1024x693.jpg 1024w, http:\/\/labonum.com\/wp-content\/uploads\/2023\/01\/mat-300x203.jpg 300w, http:\/\/labonum.com\/wp-content\/uploads\/2023\/01\/mat-768x519.jpg 768w, http:\/\/labonum.com\/wp-content\/uploads\/2023\/01\/mat-1536x1039.jpg 1536w, http:\/\/labonum.com\/wp-content\/uploads\/2023\/01\/mat-2048x1385.jpg 2048w\" sizes=\"auto, (max-width: 1024px) 100vw, 1024px\" \/><\/figure>\n<\/figure>\n\n\n\n<pre class=\"wp-block-code\"><code>Nous tenons \u00e0 ce que cette tradition perdure, tout en y ajoutant une touche de modernit\u00e9, en permettant aux \u00e9l\u00e8ves une photo plus \u00abfun\u00bb en compl\u00e9ment de la photo classique.<\/code><\/pre>\n\n\n\n<pre class=\"wp-block-code\"><code>De la prise de vue aux tirages, tout est r\u00e9alis\u00e9 par nos soins, en tenant compte de nos \u00e9xigences qualit\u00e9. Cela nous permet d\u2019\u00eatre \u00e0 votre \u00e9coute pour proposer les produits et formats que vous d\u00e9sirez, de la maternelle \u00e0 la terminale.<\/code><\/pre>\n<\/div>\n\n\n\n<div class=\"wp-block-column is-layout-flow wp-block-column-is-layout-flow\">\n<figure class=\"wp-block-image aligncenter size-large is-resized\"><img loading=\"lazy\" decoding=\"async\" src=\"http:\/\/labonum.com\/wp-content\/uploads\/2023\/01\/ele-1024x768.jpg\" alt=\"\" class=\"wp-image-332\" width=\"543\" height=\"405\"\/><\/figure>\n\n\n\n<figure class=\"wp-block-image aligncenter size-large is-resized\"><img loading=\"lazy\" decoding=\"async\" src=\"http:\/\/labonum.com\/wp-content\/uploads\/2023\/01\/coll-fun-1024x693.jpg\" alt=\"\" class=\"wp-image-330\" width=\"541\" height=\"365\" srcset=\"http:\/\/labonum.com\/wp-content\/uploads\/2023\/01\/coll-fun-1024x693.jpg 1024w, http:\/\/labonum.com\/wp-content\/uploads\/2023\/01\/coll-fun-300x203.jpg 300w, http:\/\/labonum.com\/wp-content\/uploads\/2023\/01\/coll-fun-768x520.jpg 768w, http:\/\/labonum.com\/wp-content\/uploads\/2023\/01\/coll-fun-1536x1040.jpg 1536w, http:\/\/labonum.com\/wp-content\/uploads\/2023\/01\/coll-fun-2048x1386.jpg 2048w\" sizes=\"auto, (max-width: 541px) 100vw, 541px\" \/><\/figure>\n<\/div>\n<\/div>\n\n\n\n<div style=\"height:40px\" aria-hidden=\"true\" class=\"wp-block-spacer\"><\/div>\n<\/div>\n\n\n\n<div class=\"wp-block-group alignfull is-layout-flow wp-block-group-is-layout-flow\">\n<div style=\"height:70px\" aria-hidden=\"true\" class=\"wp-block-spacer\"><\/div>\n\n\n\n<div class=\"wp-block-columns alignwide are-vertically-aligned-center is-layout-flex wp-container-core-columns-is-layout-28f84493 wp-block-columns-is-layout-flex\">\n<div class=\"wp-block-column is-layout-flow wp-block-column-is-layout-flow\" style=\"flex-basis:50%\">\n<p class=\"has-text-color\" style=\"color:#000000;font-size:30px;line-height:1.1\">La photo individuelle scolaire<\/p>\n<\/div>\n\n\n\n<div class=\"wp-block-column is-layout-flow wp-block-column-is-layout-flow\" style=\"flex-basis:50%\">\n<hr class=\"wp-block-separator has-text-color has-css-opacity has-background is-style-wide\" style=\"background-color:#000000;color:#000000\"\/>\n\n\n\n<div style=\"height:100px\" aria-hidden=\"true\" class=\"wp-block-spacer\"><\/div>\n<\/div>\n<\/div>\n\n\n\n<div class=\"wp-block-columns alignwide is-layout-flex wp-container-core-columns-is-layout-28f84493 wp-block-columns-is-layout-flex\">\n<div class=\"wp-block-column is-layout-flow wp-block-column-is-layout-flow\">\n<figure class=\"wp-block-image size-large\"><img decoding=\"async\" src=\"http:\/\/labonum.com\/wp-content\/uploads\/2023\/01\/ind-id-1024x683.jpg\" alt=\"\" class=\"wp-image-341\"\/><\/figure>\n<\/div>\n\n\n\n<div class=\"wp-block-column is-layout-flow wp-block-column-is-layout-flow\">\n<pre class=\"wp-block-code\"><code>En compl\u00e9ment des photos de groupes, nous sommes \u00e9galement en mesure, si vous le d\u00e9sirez, d\u2019effectuer des portraits individuels en couleur, N&amp;B ou s\u00e9pia.\nCela permet non seulement de proposer aux parents des photos de leurs enfants du 10X15 au 20X30 cm, de petits objets personnalis\u00e9s (mugs, porte-cl\u00e9s, magnets,...) mais \u00e9galement de leur fournir une planche de 8 identit\u00e9s pour leurs diff\u00e9rents documents scolaires.\n<\/code><\/pre>\n\n\n\n<pre class=\"wp-block-code\"><code>Nous sommes \u00e9galement en mesure de mettre \u00e0 disposition \u00e0 l\u2019\u00e9cole l\u2019ensemble des photos individuelles sous forme de fichier num\u00e9rique renomm\u00e9 au nom et pr\u00e9nom de l\u2019\u00e9l\u00e8ve, au format compatible pour l\u2019int\u00e9gration au logiciel interne (Pronote, Ecole Directe,...)<\/code><\/pre>\n<\/div>\n<\/div>\n\n\n\n<div style=\"height:40px\" aria-hidden=\"true\" class=\"wp-block-spacer\"><\/div>\n\n\n\n<p class=\"has-text-align-center\"><strong>Les commandes peuvent s\u2019effectu\u00e9es :<\/strong><\/p>\n\n\n\n<p class=\"has-text-align-center\"><br>&#8211;   traditionnellement : nous fournissons les \u00e9preuves exemples ainsi<br>que le fichier de commande pr\u00e9-rempli<\/p>\n\n\n\n<p class=\"has-text-align-center\"><br>&#8211;   par internet : chaque \u00e9l\u00e8ve re\u00e7oit un code confidentiel ainsi<br>que le flash-code associ\u00e9 permettant la commande.<br>Le r\u00e8glement peut s\u2019effectu\u00e9 directement par CB via le site en<br>compl\u00e9ment ou non de celui direct \u00e0 l\u2019\u00e9cole (ch\u00e8que\/esp\u00e8ces).<br>L\u2019\u00e9cole a un acc\u00e8s \u00absuperviseur\u00bb au site lui permettant de suivre<br>toutes les commandes.<\/p>\n\n\n\n<p class=\"has-text-align-center\"><br>Dans les deux cas de figure, les commandes sont livr\u00e9es dans des pochettes<br>individuelles identifi\u00e9es au nom\/pr\u00e9nom de l\u2019\u00e9l\u00e8ve, classe et produits command\u00e9s.<\/p>\n\n\n\n<p class=\"has-text-align-center\"><br>N\u2019h\u00e9sitez pas \u00e0 nous contacter pour de plus amples renseignements.<\/p>\n<\/div>\n\n\n\n<div class=\"wp-block-contact-form-7-contact-form-selector\">\n<div class=\"wpcf7 no-js\" id=\"wpcf7-f238-o1\" lang=\"fr-FR\" dir=\"ltr\" data-wpcf7-id=\"238\">\n<div class=\"screen-reader-response\"><p role=\"status\" aria-live=\"polite\" aria-atomic=\"true\"><\/p> <ul><\/ul><\/div>\n<form action=\"\/index.php?rest_route=%2Fwp%2Fv2%2Fpages%2F230#wpcf7-f238-o1\" method=\"post\" class=\"wpcf7-form init\" aria-label=\"Formulaire de contact\" novalidate=\"novalidate\" data-status=\"init\">\n<fieldset class=\"hidden-fields-container\"><input type=\"hidden\" name=\"_wpcf7\" value=\"238\" \/><input type=\"hidden\" name=\"_wpcf7_version\" value=\"6.1.5\" \/><input type=\"hidden\" name=\"_wpcf7_locale\" value=\"fr_FR\" \/><input type=\"hidden\" name=\"_wpcf7_unit_tag\" value=\"wpcf7-f238-o1\" \/><input type=\"hidden\" name=\"_wpcf7_container_post\" value=\"0\" \/><input type=\"hidden\" name=\"_wpcf7_posted_data_hash\" value=\"\" \/><input type=\"hidden\" name=\"_wpcf7_recaptcha_response\" value=\"\" \/>\n<\/fieldset>\n<p><label> Nom de l'\u00e9cole<br \/>\n<span class=\"wpcf7-form-control-wrap\" data-name=\"your-ecole\"><input size=\"40\" maxlength=\"400\" class=\"wpcf7-form-control wpcf7-text wpcf7-validates-as-required\" autocomplete=\"ecole\" aria-required=\"true\" aria-invalid=\"false\" value=\"\" type=\"text\" name=\"your-ecole\" \/><\/span> <\/label>\n<\/p>\n<p><label> Votre nom<br \/>\n<span class=\"wpcf7-form-control-wrap\" data-name=\"your-name\"><input size=\"40\" maxlength=\"400\" class=\"wpcf7-form-control wpcf7-text wpcf7-validates-as-required\" autocomplete=\"name\" aria-required=\"true\" aria-invalid=\"false\" value=\"\" type=\"text\" name=\"your-name\" \/><\/span> <\/label>\n<\/p>\n<p><label> Votre e-mail<br \/>\n<span class=\"wpcf7-form-control-wrap\" data-name=\"your-email\"><input size=\"40\" maxlength=\"400\" class=\"wpcf7-form-control wpcf7-email wpcf7-validates-as-required wpcf7-text wpcf7-validates-as-email\" autocomplete=\"email\" aria-required=\"true\" aria-invalid=\"false\" value=\"\" type=\"email\" name=\"your-email\" \/><\/span> <\/label>\n<\/p>\n<p><label> Objet<br \/>\n<span class=\"wpcf7-form-control-wrap\" data-name=\"your-subject\"><input size=\"40\" maxlength=\"400\" class=\"wpcf7-form-control wpcf7-text wpcf7-validates-as-required\" aria-required=\"true\" aria-invalid=\"false\" value=\"\" type=\"text\" name=\"your-subject\" \/><\/span> <\/label>\n<\/p>\n<p><label> Votre message<br \/>\n<span class=\"wpcf7-form-control-wrap\" data-name=\"your-message\"><textarea cols=\"40\" rows=\"10\" maxlength=\"2000\" class=\"wpcf7-form-control wpcf7-textarea\" aria-invalid=\"false\" name=\"your-message\"><\/textarea><\/span> <\/label>\n<\/p>\n<p><input class=\"wpcf7-form-control wpcf7-submit has-spinner\" type=\"submit\" value=\"Envoyer\" \/>\n<\/p><p style=\"display: none !important;\" class=\"akismet-fields-container\" data-prefix=\"_wpcf7_ak_\"><label>&#916;<textarea name=\"_wpcf7_ak_hp_textarea\" cols=\"45\" rows=\"8\" maxlength=\"100\"><\/textarea><\/label><input type=\"hidden\" id=\"ak_js_1\" name=\"_wpcf7_ak_js\" value=\"187\"\/><script>document.getElementById( \"ak_js_1\" ).setAttribute( \"value\", ( new Date() ).getTime() );<\/script><\/p><div class=\"wpcf7-response-output\" aria-hidden=\"true\"><\/div>\n<\/form>\n<\/div>\n<\/div>\n","protected":false},"excerpt":{"rendered":"<p>La Photo Scolaire La photo individuelle scolaire Les commandes peuvent s\u2019effectu\u00e9es : &#8211; traditionnellement : nous fournissons les \u00e9preuves exemples ainsique le fichier de commande pr\u00e9-rempli &#8211; par internet : chaque \u00e9l\u00e8ve re\u00e7oit un code confidentiel ainsique le flash-code associ\u00e9 permettant la commande.Le r\u00e8glement peut s\u2019effectu\u00e9 directement par CB via le site encompl\u00e9ment ou non [&hellip;]<\/p>\n","protected":false},"author":1,"featured_media":0,"parent":0,"menu_order":0,"comment_status":"closed","ping_status":"closed","template":"","meta":{"ngg_post_thumbnail":0,"footnotes":""},"class_list":["post-230","page","type-page","status-publish","hentry"],"_links":{"self":[{"href":"http:\/\/labonum.com\/index.php?rest_route=\/wp\/v2\/pages\/230","targetHints":{"allow":["GET"]}}],"collection":[{"href":"http:\/\/labonum.com\/index.php?rest_route=\/wp\/v2\/pages"}],"about":[{"href":"http:\/\/labonum.com\/index.php?rest_route=\/wp\/v2\/types\/page"}],"author":[{"embeddable":true,"href":"http:\/\/labonum.com\/index.php?rest_route=\/wp\/v2\/users\/1"}],"replies":[{"embeddable":true,"href":"http:\/\/labonum.com\/index.php?rest_route=%2Fwp%2Fv2%2Fcomments&post=230"}],"version-history":[{"count":22,"href":"http:\/\/labonum.com\/index.php?rest_route=\/wp\/v2\/pages\/230\/revisions"}],"predecessor-version":[{"id":596,"href":"http:\/\/labonum.com\/index.php?rest_route=\/wp\/v2\/pages\/230\/revisions\/596"}],"wp:attachment":[{"href":"http:\/\/labonum.com\/index.php?rest_route=%2Fwp%2Fv2%2Fmedia&parent=230"}],"curies":[{"name":"wp","href":"https:\/\/api.w.org\/{rel}","templated":true}]}}